e the highest common factor of h and k.
13
Suppose -4*n = z + 6 - 34, -3*n - 2*z = -26. Suppose -8*v = -2*w - 11*v + 43, w + v - 20 = 0. Let t = w - 15. What is the greatest common factor of n and t?
2
Suppose -4*h + 76 = 8. Suppose 2*r + 1200 = h*r. Calculate the highest common divisor of r and 32.
16
Let i be (-40)/(-32)*(21 + 3). Suppose 268 = v + 2*s - 0*s, 3*v - 3*s - 813 = 0. Calculate the highest common factor of v and i.
30
Suppose -3*a + 123 = -3*b, 3*a + 5*b - 225 = -2*a. Let t = a + -7. Calculate the highest common factor of 4 and t.
4
Let h be (-22)/6*3/1. Let n(r) = -r**3 - 13*r**2 - 23*r - 7. Let c be n(h). What is the highest common divisor of c and 52?
4
Let w be (0 - 5)*-1 + -1. Let y be 344/(-28) - w/(-14). Let k(p) = p**3 + 12*p**2 - p + 3. Let q be k(y). Calculate the highest common factor of q and 10.
5
Let j(v) = -v**2 + 8*v + 9. Let b be j(7). Let a(h) = 2*h**2 - 6*h - 8. Let p be a(-3). Suppose -4*k + 348 = p. What is the highest common factor of k and b?
16
Suppose -n - 4*n + 2*d - 2 = 0, 0 = -2*n + d. Let p be (-131)/n - (-5)/(-10). Calculate the highest common divisor of p and 26.
13
Suppose 0 = -4*i - 2*w, -i + 0*i + 2*w = 0. Suppose 3*l + i*y = 4*y + 53, -2*y = l - 21. Calculate the highest common divisor of l and 209.
19
Suppose 0 = -53*j - 55 + 1327. Let r be 428/6 - 18/(-27). What is the greatest common factor of r and j?
24
Let o(n) = 7*n + 147. Let h be o(-12). What is the greatest common divisor of h and 18?
9
Let h(n) = -134*n - 450. Let p be h(-13). Calculate the highest common divisor of 19 and p.
19
Let x = -906 + 1181. What is the greatest common divisor of x and 33?
11
Suppose 8*d - 405 = 3*d. Suppose q = d + 29. Let n = q + -75. What is the highest common divisor of n and 5?
5
Let w(d) = d**2 + 18*d - 37. Suppose i + 31 - 11 = 0. Let h be w(i). Calculate the highest common divisor of h and 2.
1
Suppose 48*b = 55*b - 3843. Calculate the greatest common factor of 61 and b.
61
Let f = 1575 + -1552. What is the highest common factor of f and 920?
23
Let t = 71 - 31. Calculate the greatest common factor of t and 120.
40
Suppose -30 = -2*t + 2*l, l = -4*t - 3*l + 52. What is the highest common divisor of 2 and t?
2
Suppose 5*z - 88 = j, 4*z - 83*j = -82*j + 70. Let r(b) = b**3 - 2*b**2 - b. Let u be r(3). What is the greatest common factor of z and u?
6
Let o = -344 + 353. What is the greatest common factor of 225 and o?
9
Let k be (33/22)/(3/4). Let v be (-4)/((-20)/5)*k. What is the highest common factor of 18 and v?
2
Let n(d) = -7*d - 13. Let u be n(-9). Calculate the highest common divisor of 30 and u.
10
Let a(v) = 65*v**3 + 2*v - 1. Let x be a(1). Calculate the highest common divisor of 154 and x.
22
Let p be ((-104)/(-39))/(4/6). Let k be (4/9)/(p/18). Suppose -k*s = -s - 80. What is the greatest common factor of s and 16?
16
Let c = 2207 - 31. Calculate the highest common divisor of c and 34.
34
Suppose 3*y + o + 1 - 32 = 0, 2*y + 4*o = 14. Let b = y + -12. Let v be b - (3/1 + -123). What is the greatest common divisor of 17 and v?
17
Let y(n) = -36*n + 78. Let u be y(7). Let w = -170 - u. Calculate the highest common factor of 3 and w.
1
Let s be (20/6)/10 + (-1913)/(-3). What is the highest common divisor of 22 and s?
22
Suppose 11 + 4 = -5*t, 6 = w - t. Suppose -2*z + 4*i + 31 + 11 = 0, -i + w = 0. Let r = 112 - 31. What is the highest common divisor of z and r?
27
Suppose 915 = 34*x - 1975. Calculate the greatest common divisor of x and 25.
5
Suppose -2*g = 3 - 1, 65 = 4*l - 5*g. Let y be 6/5*100/l. Let o(x) = -x**3 - 3*x**2 - x - 1. Let v be o(-3). What is the greatest common divisor of v and y?
2
Suppose 3*r + 4*p = 88, 0 = r - 3*r - 3*p + 60. Let s be 31 + 3 - 4/(-2). What is the greatest common factor of r and s?
12
Suppose -5*n = 4*z - 22, 4 = -n - 2*z + 4*z. What is the highest common divisor of n and 54?
2
Suppose 15*t + 22 = 16*t. What is the highest common factor of 22 and t?
22
Let n = 41 - 68. Let s = n + 45. What is the highest common divisor of s and 6?
6
Let b be 1*((-42)/7 - -18). Suppose 5*z - 510 = 5*q, 3*z = 2*q + 81 + 225. Let k = z + -42. What is the greatest common divisor of k and b?
12
Let t(s) = s**2 - 22*s + 113. Let m be t(15). What is the greatest common divisor of m and 528?
8
Let j(w) = 3*w + 57. Let f be j(-8). Calculate the highest common divisor of f and 231.
33
Suppose -4*x - 49 = -2*u + 57, -x = -5. Suppose -k + 84 = 3*k. What is the greatest common factor of k and u?
21
Let v be 3*-2*(0 + (-2)/4). Suppose -2*c = -0*u - 3*u - 32, -v*c + 78 = 3*u. Calculate the highest common factor of c and 77.
11
Suppose 123 = 8*n - 37. What is the greatest common factor of 300 and n?
20
Let f be 81*(-4 - -3)/(2 - 5). Let x be (-2)/(-9) + (2796/f)/2. Calculate the greatest common divisor of x and 39.
13
Let i(g) = -24*g - 13. Let r be i(-10). Suppose -j + 71 = -5*s, 4*j - 2*s = -s + r. Let b be 2/8 - (-93)/12. Calculate the greatest common divisor of j and b.
8
Let i be ((-24)/(-21))/((-9)/(-63)). Calculate the highest common divisor of 112 and i.
8
Let a(n) = n**3 + 6*n**2 + n - 12. Let l(b) = -3*b + 10. Let u be l(5). Let q be a(u). Calculate the greatest common factor of q and 128.
8
Suppose -1 = 7*r - 29. Suppose 2*q - 2*b = 18, r*b = -3*q + 29 + 5. What is the highest common divisor of q and 20?
10
Let w be (-33)/7 + 5 - 27/21. Let t(x) = 13*x**2 - 1. Let z be t(w). What is the greatest common factor of z and 84?
12
Let q(s) = s**3 + 2*s**2 - 3*s + 4. Let a be q(-3). Suppose -a*t + 0 = -4*p - 28, -5*p = -25. Calculate the highest common factor of t and 6.
6
Let g = 203 + -188. Calculate the highest common divisor of g and 435.
15
Let h = 48 + -32. Suppose 3*g - 49 = 2*r + 25, -h = 4*r. Calculate the highest common divisor of g and 44.
22
Let i(b) = b**3 - 9*b**2 + 12*b - 19. Let o be i(8). Suppose -4*t = -3*t - o. What is the highest common divisor of 91 and t?
13
Let g(k) be the second derivative of 0 - 1/6*k**3 + 1/12*k**4 + 3*k**2 - 2*k. Let y be g(0). Calculate the greatest common factor of y and 9.
3
Suppose -12*g + 826 + 374 = 0. Let h = g + -36. Calculate the highest common divisor of h and 8.
8
Suppose -4*f + 3*h + 195 = 0, 0 = 3*f + h - 5*h - 155. Let j = f + -35. Calculate the highest common factor of j and 110.
10
Let t(y) = 11*y**2 - 2. Let q be t(2). Let l(n) = 27*n**2 - 4*n - 3. Let x be l(-3). What is the highest common divisor of x and q?
42
Let k(r) = 9*r**2 - 4*r + 42. Let u be k(-6). Calculate the greatest common divisor of 30 and u.
30
Let y(g) = -2*g**3 - 8*g**2 + 3*g + 16. Let q be y(8). Let t be q/(-85) - ((-4)/10)/1. Calculate the highest common factor of t and 6.
6
Suppose 724*z - 729*z = -1900. Calculate the greatest common factor of z and 20.
20
Let x be (-2)/(-8) + 57/(-4). Let y be 47/7 - 4/x. Let a = -149 + 177. What is the highest common factor of y and a?
7
Let a be -1*(-1*(-8 - -10) + (-18 - 0)). Let i(t) = t + 2. Let h be i(2). Calculate the highest common factor of a and h.
4
Suppose l - 5 = 0, 2*q - 73 = -5*l + 34. Calculate the highest common factor of q and 41.
41
Let u be (-2 + -8)*(-4)/10. Suppose -5*b - 3 = i - 5*i, 4*b + 4 = u*i. What is the greatest common factor of i and 8?
2
Suppose -2*u + 30 = -v - 48, u - 168 = 2*v. Let r = -78 - v. What is the greatest common divisor of r and 20?
4
Let u = 21 + -15. Let c(t) = -6*t + 84. Let v be c(13). What is the greatest common factor of u and v?
6
Let m(n) = 1. Let r(v) = 3*v - 49. Let i(a) = 4*m(a) + 2*r(a). Let s be i(21). What is the highest common factor of 8 and s?
8
Let a = -17 + 20. Let u(f) = 10*f + 282. Let t be u(-27). Calculate the greatest common divisor of t and a.
3
Let h be ((1 - -3) + -6)*5/(-2). Let y(n) = -n + 11. Let v be y(h). Calculate the greatest common divisor of 4 and v.
2
Suppose 38 = 2*x - 186. What is the greatest common divisor of 48 and x?
16
Let a(w) = 7 + 0*w - 10 + 10*w**2 - 4*w + 0*w. Let d = -5 + 3. Let j be a(d). What is the greatest common factor of j and 9?
9
Suppose q - o = 12, -2*q + 3*o + 11 = -18. Suppose -m + 11 = -q. Let r be -33*2*(-57)/m. What is the highest common factor of 19 and r?
19
Suppose -3*r = 4*n - 16, 5*r - 8 = -0*n - 4*n. Suppose -4*o + 32 = -0. Suppose 4 = 4*b, 0 = -o*u + 3*u + 3*b + 32. What is the highest common factor of u